[INFO] cloning repository https://github.com/ozbe/x-callback-url
[INFO] running `Command { std: "git" "-c" "credential.helper=" "-c" "credential.helper=/workspace/cargo-home/bin/git-credential-null" "clone" "--bare" "https://github.com/ozbe/x-callback-url" "/workspace/cache/git-repos/https%3A%2F%2Fgithub.com%2Fozbe%2Fx-callback-url", kill_on_drop: false }`
[INFO] [stderr] Cloning into bare repository '/workspace/cache/git-repos/https%3A%2F%2Fgithub.com%2Fozbe%2Fx-callback-url'...
[INFO] running `Command { std: "git" "rev-parse" "HEAD", kill_on_drop: false }`
[INFO] [stdout] f21778d0025ec17dec7555bfed56a37285c9f73e
[INFO] checking ozbe/x-callback-url against master#af3c6e733a40e671550e0f0f5aeecaa13772ba56 for pr-74989
[INFO] running `Command { std: "git" "clone" "/workspace/cache/git-repos/https%3A%2F%2Fgithub.com%2Fozbe%2Fx-callback-url" "/workspace/builds/worker-6/source", kill_on_drop: false }`
[INFO] [stderr] Cloning into '/workspace/builds/worker-6/source'...
[INFO] [stderr] done.
[INFO] validating manifest of git repo https://github.com/ozbe/x-callback-url on toolchain af3c6e733a40e671550e0f0f5aeecaa13772ba56
[INFO] running `Command { std: "/workspace/cargo-home/bin/cargo" "+af3c6e733a40e671550e0f0f5aeecaa13772ba56" "read-manifest" "--manifest-path" "Cargo.toml", kill_on_drop: false }`
[INFO] started tweaking git repo https://github.com/ozbe/x-callback-url
[INFO] finished tweaking git repo https://github.com/ozbe/x-callback-url
[INFO] tweaked toml for git repo https://github.com/ozbe/x-callback-url written to /workspace/builds/worker-6/source/Cargo.toml
[INFO] crate git repo https://github.com/ozbe/x-callback-url already has a lockfile, it will not be regenerated
[INFO] running `Command { std: "/workspace/cargo-home/bin/cargo" "+af3c6e733a40e671550e0f0f5aeecaa13772ba56" "fetch" "--locked" "--manifest-path" "Cargo.toml", kill_on_drop: false }`
[INFO] running `Command { std: "docker" "create" "-v" "/var/lib/crater-agent-workspace/builds/worker-6/target:/opt/rustwide/target:rw,Z" "-v" "/var/lib/crater-agent-workspace/builds/worker-6/source:/opt/rustwide/workdir:ro,Z" "-v" "/var/lib/crater-agent-workspace/cargo-home:/opt/rustwide/cargo-home:ro,Z" "-v" "/var/lib/crater-agent-workspace/rustup-home:/opt/rustwide/rustup-home:ro,Z" "-e" "SOURCE_DIR=/opt/rustwide/workdir" "-e" "CARGO_TARGET_DIR=/opt/rustwide/target" "-e" "CARGO_HOME=/opt/rustwide/cargo-home" "-e" "RUSTUP_HOME=/opt/rustwide/rustup-home" "-w" "/opt/rustwide/workdir" "-m" "1610612736" "--user" "0:0" "--network" "none" "rustops/crates-build-env@sha256:d92eaeed33fa75130ca1ee6c8a01d1ffb62bac859dfdfb3450e3e5d1c0146529" "/opt/rustwide/cargo-home/bin/cargo" "+af3c6e733a40e671550e0f0f5aeecaa13772ba56" "metadata" "--no-deps" "--format-version=1", kill_on_drop: false }`
[INFO] [stdout] adf4d9c8a894e41d84565a964324d29eefc14cdce0697d690059b7c71e507b9b
[INFO] [stderr] WARNING: Your kernel does not support swap limit capabilities or the cgroup is not mounted. Memory limited without swap.
[INFO] running `Command { std: "docker" "start" "-a" "adf4d9c8a894e41d84565a964324d29eefc14cdce0697d690059b7c71e507b9b", kill_on_drop: false }`
[INFO] running `Command { std: "docker" "inspect" "adf4d9c8a894e41d84565a964324d29eefc14cdce0697d690059b7c71e507b9b", kill_on_drop: false }`
[INFO] running `Command { std: "docker" "rm" "-f" "adf4d9c8a894e41d84565a964324d29eefc14cdce0697d690059b7c71e507b9b", kill_on_drop: false }`
[INFO] [stdout] adf4d9c8a894e41d84565a964324d29eefc14cdce0697d690059b7c71e507b9b
[INFO] running `Command { std: "docker" "create" "-v" "/var/lib/crater-agent-workspace/builds/worker-6/target:/opt/rustwide/target:rw,Z" "-v" "/var/lib/crater-agent-workspace/builds/worker-6/source:/opt/rustwide/workdir:ro,Z" "-v" "/var/lib/crater-agent-workspace/cargo-home:/opt/rustwide/cargo-home:ro,Z" "-v" "/var/lib/crater-agent-workspace/rustup-home:/opt/rustwide/rustup-home:ro,Z" "-e" "SOURCE_DIR=/opt/rustwide/workdir" "-e" "CARGO_TARGET_DIR=/opt/rustwide/target" "-e" "CARGO_INCREMENTAL=0" "-e" "RUST_BACKTRACE=full" "-e" "RUSTFLAGS=--cap-lints=forbid" "-e" "CARGO_HOME=/opt/rustwide/cargo-home" "-e" "RUSTUP_HOME=/opt/rustwide/rustup-home" "-w" "/opt/rustwide/workdir" "-m" "1610612736" "--user" "0:0" "--network" "none" "rustops/crates-build-env@sha256:d92eaeed33fa75130ca1ee6c8a01d1ffb62bac859dfdfb3450e3e5d1c0146529" "/opt/rustwide/cargo-home/bin/cargo" "+af3c6e733a40e671550e0f0f5aeecaa13772ba56" "check" "--frozen" "--all" "--all-targets" "--message-format=json", kill_on_drop: false }`
[INFO] [stdout] 5570a2258b7bc77eb2997d7cfdd92377aab72d0a7da7d30544b044ca717b4c85
[INFO] [stderr] WARNING: Your kernel does not support swap limit capabilities or the cgroup is not mounted. Memory limited without swap.
[INFO] running `Command { std: "docker" "start" "-a" "5570a2258b7bc77eb2997d7cfdd92377aab72d0a7da7d30544b044ca717b4c85", kill_on_drop: false }`
[INFO] [stderr]     Blocking waiting for file lock on package cache
[INFO] [stderr]    Compiling getrandom v0.1.14
[INFO] [stderr]     Checking cfg-if v0.1.10
[INFO] [stderr]     Checking ppv-lite86 v0.2.6
[INFO] [stderr]     Checking percent-encoding v2.1.0
[INFO] [stderr]     Checking lazy_static v1.4.0
[INFO] [stderr]     Checking idna v0.2.0
[INFO] [stderr]     Checking malloc_buf v0.0.6
[INFO] [stderr]     Checking objc v0.2.7
[INFO] [stderr]     Checking macos v0.1.0 (https://github.com/ozbe/webkitten?branch=x-callback-url#b140bc6e)
[INFO] [stderr]     Checking rand_core v0.5.1
[INFO] [stderr]     Checking url v2.1.1
[INFO] [stderr]     Checking rand_chacha v0.2.2
[INFO] [stderr]     Checking rand v0.7.3
[INFO] [stdout] error[E0455]: native frameworks are only available on macOS targets
[INFO] [stdout]   --> /opt/rustwide/cargo-home/git/checkouts/webkitten-b9a4216b2355a45d/b140bc6/macos/src/appkit.rs:11:1
[INFO] [stdout]    |
[INFO] [stdout] 11 | #[link(name = "AppKit", kind = "framework")]
[INFO] [stdout]    | ^^^^^^^^^^^^^^^^^^^^^^^^^^^^^^^^^^^^^^^^^^^^
[INFO] [stdout] 
[INFO] [stdout] 
[INFO] [stdout] error[E0455]: native frameworks are only available on macOS targets
[INFO] [stdout]   --> /opt/rustwide/cargo-home/git/checkouts/webkitten-b9a4216b2355a45d/b140bc6/macos/src/core_foundation.rs:12:1
[INFO] [stdout]    |
[INFO] [stdout] 12 | #[link(name = "CoreFoundation", kind = "framework")]
[INFO] [stdout]    | ^^^^^^^^^^^^^^^^^^^^^^^^^^^^^^^^^^^^^^^^^^^^^^^^^^^^
[INFO] [stdout] 
[INFO] [stdout] 
[INFO] [stdout] error[E0455]: native frameworks are only available on macOS targets
[INFO] [stdout]  --> /opt/rustwide/cargo-home/git/checkouts/webkitten-b9a4216b2355a45d/b140bc6/macos/src/core_services.rs:4:1
[INFO] [stdout]   |
[INFO] [stdout] 4 | #[link(name = "CoreServices", kind = "framework")]
[INFO] [stdout]   | ^^^^^^^^^^^^^^^^^^^^^^^^^^^^^^^^^^^^^^^^^^^^^^^^^^
[INFO] [stdout] 
[INFO] [stdout] 
[INFO] [stdout] error[E0455]: native frameworks are only available on macOS targets
[INFO] [stdout]   --> /opt/rustwide/cargo-home/git/checkouts/webkitten-b9a4216b2355a45d/b140bc6/macos/src/foundation.rs:12:1
[INFO] [stdout]    |
[INFO] [stdout] 12 | #[link(name = "Foundation", kind = "framework")]
[INFO] [stdout]    | ^^^^^^^^^^^^^^^^^^^^^^^^^^^^^^^^^^^^^^^^^^^^^^^^
[INFO] [stdout] 
[INFO] [stdout] 
[INFO] [stdout] error[E0455]: native frameworks are only available on macOS targets
[INFO] [stdout]   --> /opt/rustwide/cargo-home/git/checkouts/webkitten-b9a4216b2355a45d/b140bc6/macos/src/webkit.rs:11:1
[INFO] [stdout]    |
[INFO] [stdout] 11 | #[link(name = "WebKit", kind = "framework")]
[INFO] [stdout]    | ^^^^^^^^^^^^^^^^^^^^^^^^^^^^^^^^^^^^^^^^^^^^
[INFO] [stdout] 
[INFO] [stdout] 
[INFO] [stdout] error: aborting due to 5 previous errors
[INFO] [stdout] 
[INFO] [stdout] 
[INFO] [stdout] For more information about this error, try `rustc --explain E0455`.
[INFO] [stdout] 
[INFO] [stderr] error: could not compile `macos`.
[INFO] [stderr] 
[INFO] [stderr] To learn more, run the command again with --verbose.
[INFO] [stderr] warning: build failed, waiting for other jobs to finish...
[INFO] [stderr] error: build failed
[INFO] running `Command { std: "docker" "inspect" "5570a2258b7bc77eb2997d7cfdd92377aab72d0a7da7d30544b044ca717b4c85", kill_on_drop: false }`
[INFO] running `Command { std: "docker" "rm" "-f" "5570a2258b7bc77eb2997d7cfdd92377aab72d0a7da7d30544b044ca717b4c85", kill_on_drop: false }`
[INFO] [stdout] 5570a2258b7bc77eb2997d7cfdd92377aab72d0a7da7d30544b044ca717b4c85
